 of 2028751507?
False
Is 17827015 a multiple of 979?
False
Is 51963111 a multiple of 2?
False
Is 8 a factor of 57158392?
True
Is 18 a factor of 298134776?
False
Does 1670 divide 31968423?
False
Is 9378564 a multiple of 158?
True
Is 291061896 a multiple of 601?
True
Is 572916348 a multiple of 1634?
True
Does 3 divide 50939424?
True
Is 10 a factor of 200710050?
True
Is 26680615 a multiple of 2015?
True
Does 18 divide 40418363?
False
Is 664 a factor of 544385079?
False
Does 2989 divide 30102219?
True
Is 162 a factor of 33830923?
False
Does 18 divide 183842722?
False
Is 484899278 a multiple of 5651?
False
Is 84449376 a multiple of 1584?
True
Is 9 a factor of 77406533?
False
Does 158 divide 356941592?
True
Is 7967779 even?
False
Is 16 a factor of 299923568?
True
Is 9362402 a multiple of 427?
True
Does 12 divide 182475598?
False
Is 327 a factor of 277968109?
False
Is 11476202 a multiple of 5?
False
Does 58 divide 507873520?
True
Is 18 a factor of 2084390?
False
Is 24487648 a multiple of 80?
False
Does 9 divide 242520117?
False
Does 3 divide 11779895?
False
Is 459010125 a multiple of 1088?
False
Is 43 a factor of 814997206?
False
Does 32 divide 1001410112?
True
Does 51 divide 38853582?
False
Is 748222280 a multiple of 380?
True
Is 32124320 a multiple of 332?
True
Is 259279655 a multiple of 248?
False
Does 459 divide 1326709206?
True
Is 3 a factor of 2674910?
False
Is 37 a factor of 470228771?
False
Is 184 a factor of 56491128?
True
Does 11 divide 22951324?
True
Is 4691880 a multiple of 19?
False
Is 123 a factor of 9682683?
True
Is 88 a factor of 502067912?
False
Is 15 a factor of 6047463?
False
Is 51 a factor of 5585421?
False
Does 13 divide 23081032?
True
Is 643968 a multiple of 8?
True
Is 26409486 a multiple of 1006?
False
Is 1026307399 a multiple of 544?
False
Is 1710634000 a multiple of 16?
True
Is 1196485125 a multiple of 375?
True
Is 6 a factor of 20221572?
True
Is 479910118 a multiple of 2765?
False
Does 36 divide 57373596?
True
Does 149 divide 3275621?
False
Is 112 a factor of 169698592?
True
Is 437317566 a multiple of 133?
True
Is 2087 a factor of 1614818079?
False
Is 623 a factor of 442564872?
False
Does 1844 divide 24611322?
False
Is 9 a factor of 2671180074?
True
Does 109 divide 70058878?
True
Is 9015402 a multiple of 4?
False
Is 1040 a factor of 2296793101?
False
Is 1214 a factor of 327685101?
False
Is 85 a factor of 161045681?
False
Does 3257 divide 2300764342?
True
Does 4161 divide 249073299?
True
Does 16 divide 45195808?
True
Is 330394031 a multiple of 187?
True
Is 35037450 a multiple of 75?
True
Is 1907393 a multiple of 97?
False
Does 36 divide 1875264156?
True
Is 599 a factor of 82687531?
False
Is 1719 a factor of 578362707?
True
Is 59490652 a multiple of 15?
False
Is 867 a factor of 61308171?
True
Does 5 divide 8125975?
True
Does 44 divide 13334112?
True
Is 28 a factor of 201542889?
False
Does 4 divide 327558570?
False
Does 105 divide 102275720?
False
Is 7593355 a multiple of 163?
True
Does 2200 divide 164903574?
False
Is 30468816 a multiple of 1008?
True
Is 57625074 a multiple of 258?
True
Is 99 a factor of 31369239?
True
Does 12 divide 47009520?
True
Is 1454 a factor of 16378839?
False
Does 37 divide 2311495304?
False
Is 520697 a multiple of 26?
False
Is 181 a factor of 45381291?
False
Is 11 a factor of 20076925?
True
Is 12463607 a multiple of 46?
False
Is 22 a factor of 169535555?
False
Is 699428779 a multiple of 19?
True
Is 3042393746 a multiple of 8841?
False
Is 382 a factor of 350449092?
True
Is 27 a factor of 46711711?
False
Is 263079764 a multiple of 29?
True
Does 207 divide 20169399?
False
Does 1103 divide 44637730?
False
Does 14 divide 761382496?
True
Is 121271110 a multiple of 10?
True
Is 215431177 a multiple of 422?
False
Does 3873 divide 208681113?
True
Does 11 divide 2388322471?
False
Is 6640093 a multiple of 58?
False
Is 69905574 a multiple of 9?
True
Is 271 a factor of 50825237?
True
Does 2971 divide 82832330?
False
Is 407634084 a multiple of 1014?
True
Is 97313850 a multiple of 450?
True
Is 1371733666 a multiple of 199?
True
Is 2217 a factor of 147627640?
False
Is 913454660 a multiple of 92?
True
Is 24 a factor of 181704?
True
Does 50 divide 6898804700?
True
Is 15430296 a multiple of 392?
True
Does 106 divide 16206244?
False
Is 23103014 a multiple of 22?
True
Is 918 a factor of 5324156730?
True
Does 1065 divide 2765785464?
False
Does 99 divide 393162803?
False
Does 2459 divide 97952359?
False
Is 6928428 a multiple of 1931?
True
Does 66 divide 2523842442?
True
Does 665 divide 6023570?
True
Does 1708 divide 839820184?
True
Is 18 a factor of 2061930?
False
Is 111964500 a multiple of 3475?
True
Is 172501912 a multiple of 10?
False
Is 38 a factor of 48485758?
True
Is 148553757 a multiple of 891?
True
Is 47 a factor of 11501652?
True
Is 65 a factor of 8019548?
False
Is 171 a factor of 184385367?
True
Is 103048054 a multiple of 60?
False
Does 246 divide 644333286?
True
Is 2920770 a multiple of 10?
True
Is 80 a factor of 500913824?
False
Is 34580076 a multiple of 30?
False
Is 1227234 a multiple of 167?
False
Is 1098487 a multiple of 2?
False
Does 8 divide 312272083?
False
Is 606 a factor of 121592368?
False
Is 2985920928 a multiple of 626?
False
Is 6 a factor of 491537362?
False
Does 425 divide 256673225?
True
Does 122 divide 972710429?
False
Does 7485 divide 1568744249?
False
Does 524 divide 25607356?
True
Is 429 a factor of 190347930?
False
Is 320 a factor of 59416227?
False
Is 2518 a factor of 1389727006?
True
Does 7239 divide 1165727838?
False
Is 37 a factor of 107231944?
False
Is 380899108 a multiple of 73?
True
Does 4322 divide 59675798?
False
Is 4855 a factor of 2133660835?
True
Is 183036329 a multiple of 19?
True
Is 2159 a factor of 302404653?
True
Is 24 a factor of 2726609472?
True
Is 164452116 a multiple of 138?
True
Is 2300487 a multiple of 7?
True
Is 63686403 a multiple of 8?
False
Is 424864318 a multiple of 978?
False
Is 1794382032 a multiple of 4440?
False
Is 6 a factor of 35021940?
True
Does 1856 divide 1213508480?
True
Is 559220812 a multiple of 22?
False
Is 25 a factor of 500931025?
True
Is 16079328 a multiple of 279?
True
Is 895883138 a multiple of 77?
False
Is 558 a factor of 11912742?
True
Is 53548627 a multiple of 1579?
True
Does 1784 divide 763559563?
False
Does 2875 divide 564768470?
False
Does 708 divide 434219940?
True
Does 19 divide 92970075?
False
Is 2 a factor of 113167475?
False
Is 3070 a factor of 1062969080?
True
Is 717 a factor of 119246857?
False
Is 4 a factor of 31740906?
False
Is 75 a factor of 277653525?
True
Does 31 divide 58340672?
False
Does 13 divide 2026853164?
False
Does 1923 divide 2116407460?
False
Is 72 a factor of 2639220801?
False
Is 80 a factor of 63208693?
False
Is 109 a factor of 61724956?
True
Is 588701370 a multiple of 327?
True
Is 1104816 a multiple of 3?
True
Does 344 divide 35496837?
False
Does 2 divide 58336636?
True
Is 2 a factor of 44668525?
False
Is 64 a factor of 1894848?
True
Is 959 a factor of 684020176?
True
Is 780 a factor of 152369100?
True
Does 12 divide 327162732?
True
Is 720490356 a multiple of 2868?
True
Is 2278 a factor of 36956006?
False
Is 4698946088 a multiple of 86?
True
Does 12 divide 453849772?
False
Does 406 divide 421928192?
True
Is 15 a factor of 975095511?
False
Is 311943423 a multiple of 320?
False
Does 947 divide 104051625?
True
Is 42039228 a multiple of 599?
False
Is 1476527544 a multiple of 19?
True
Is 61729377 a multiple of 687?
False
Does 339 divide 735359036?
False
Is 22 a factor of 1536558258?
False
Is 33973500 a multiple of 30?
True
Is 3756256534 a multiple of 39?
False
Is 2692206 a multiple of 473?
False
Is 30152202 a multiple of 21?
False
Is 17321875 a multiple of 25?
True
Is 112535742 a multiple of 2304?
False
Does 51 divide 3941429430?
True
Is 12 a factor of 64539946?
False
Is 33065210 a multiple of 30?
False
Is 117300621 a multiple of 183?
True
Is 10 a factor of 4626540?
True
Is 828 a factor of 20397036?
False
Is 150422472 a multiple of 878?
True
Is 80459636 a multiple of 2666?
False
Is 9684412 a multiple of 1775?
False
Is 69 a factor of 52856060?
False
Is 5311308 even?
True
Is 174836090 a multiple of 1430?
True
Is 240 a factor of 180135600?
True
Is 70049168 a multiple of 368?
True
Is 40 a factor of 88668480?
True
Is 13351719